base 8) to base 16.
340
Convert -10a05 (base 12) to base 5.
-1202211
-21b (base 13) to base 14
-1bc
What is 11211121 (base 3) in base 5?
103101
-17de (base 15) to base 12
-2b9b
What is 10320 (base 5) in base 10?
710
Convert d59 (base 14) to base 10.
2627
Convert 2f55 (base 16) to base 2.
10111101010101
What is -44 (base 15) in base 12?
-54
-31600 (base 7) to base 11
-5988
Convert -545 (base 15) to base 14.
-610
975 (base 12) to base 6
10225
What is 11142 (base 6) in base 14?
806
-58a (base 12) to base 13
-4b7
20101220 (base 3) to base 7
16416
Convert -33545 (base 8) to base 13.
-65bb
Convert 102102 (base 4) to base 9.
1540
Convert 110010001100 (base 2) to base 15.
e42
10001002 (base 3) to base 14
b44
What is -116 (base 15) in base 10?
-246
What is -141051 (base 6) in base 2?
-11001110010111
Convert -13032202 (base 4) to base 6.
-345014
-51a (base 11) to base 4
-21302
-4434 (base 6) to base 4
-100012
What is 10100001111 (base 2) in base 9?
1688
What is 3203 (base 4) in base 13?
146
Convert 10a (base 16) to base 10.
266
What is d1 (base 16) in base 13?
131
Convert 2c9b (base 14) to base 15.
256c
What is 2f6 (base 16) in base 11?
62a
324 (base 8) to base 6
552
-4214022 (base 5) to base 15
-15a92
What is 1204340 (base 5) in base 13?
a2c6
-170a (base 13) to base 7
-12612
1213001 (base 4) to base 5
202333
11111101110 (base 2) to base 14
a50
Convert 2202222 (base 5) to base 10.
37812
Convert -27a2 (base 12) to base 11.
-349a
Convert -1000111010101 (base 2) to base 3.
-20021002
What is -280a (base 11) in base 16?
-e38
What is 100331 (base 4) in base 16?
43d
What is -130331 (base 5) in base 12?
-2b43
What is 19bf (base 16) in base 14?
258b
8763 (base 9) to base 13
2c28
What is -122 (base 12) in base 7?
-332
Convert -137 (base 13) to base 4.
-3113
35994 (base 10) to base 8
106232
What is 31015 (base 10) in base 2?
111100100100111
Convert 12200 (base 5) to base 8.
1635
What is -217 (base 10) in base 13?
-139
560 (base 13) to base 4
32123
What is -fdb (base 16) in base 12?
-2423
What is -3a07 (base 13) in base 14?
-3040
2ba5 (base 13) to base 12
3844
Convert -567 (base 9) to base 8.
-722
Convert 83a0 (base 15) to base 11.
199a6
124300 (base 5) to base 15
1700
What is -25c (base 14) in base 16?
-1da
13312 (base 4) to base 12
35a
What is 453 (base 11) in base 9?
662
What is -11320 (base 5) in base 7?
-2302
Convert 2220212 (base 3) to base 9.
2825
What is 832 (base 16) in base 3?
2212201
What is -3496 (base 10) in base 3?
-11210111
What is 110112 (base 3) in base 7?
662
1a2 (base 13) to base 10
301
Convert 3634 (base 11) to base 4.
1022110
Convert -135 (base 9) to base 7.
-221
-200211 (base 4) to base 11
-1626
1321 (base 5) to base 13
133
What is -1514 (base 11) in base 15?
-8a1
What is 383 (base 16) in base 11?
748
Convert -1130414 (base 5) to base 11.
-1463a
7516 (base 8) to base 16
f4e
-33314 (base 5) to base 7
-6543
What is 1001210021 (base 3) in base 2?
101000111111010
Convert -1812 (base 16) to base 3.
-22110020
730b (base 13) to base 16
3e19
Convert 3121 (base 4) to base 8.
331
What is a81 (base 14) in base 12?
1249
-3422 (base 7) to base 4
-103121
Convert -5111 (base 6) to base 7.
-3163
Convert -8750 (base 9) to base 16.
-192c
Convert 22112122 (base 4) to base 2.
1010010110011010
519 (base 10) to base 8
1007
What is 12203 (base 6) in base 9?
2423
-95b6 (base 12) to base 15
-4ce0
Convert -5905 (base 10) to base 15.
-1b3a
Convert 120211 (base 3) to base 10.
427
What is 227 (base 10) in base 13?
146
Convert -23101 (base 4) to base 12.
-501
Convert -5075 (base 11) to base 3.
-100020112
What is 542435 (base 6) in base 7?
244133
Convert 34 (base 15) to base 11.
45
Convert 21402 (base 8) to base 14.
33a2
What is -417a (base 11) in base 16?
-159c
101011111 (base 2) to base 15
186
What is -101220112 (base 3) in base 5?
-223302
What is -202212 (base 4) in base 11?
-1733
Convert 492 (base 14) to base 3.
1020210
What is 14170 (base 10) in base 2?
11011101011010
Convert -4830 (base 9) to base 4.
-320013
Convert 11100 (base 4) to base 12.
240
Convert 9a8 (base 11) to base 2.
10010110111
What is -442 (base 6) in base 11?
-145
Convert 3333 (base 4) to base 8.
377
Convert 111100001000001 (base 2) to base 10.
30785
What is 185 (base 15) in base 3?
110222
Convert 204 (base 15) to base 16.
1c6
-32092 (base 10) to base 9
-48017
Convert -10111011111 (base 2) to base 3.
-2001200
What is f705 (base 16) in base 13?
22a25
Convert 1522 (base 6) to base 9.
505
-124 (base 14) to base 9
-273
Convert 88 (base 10) to base 14.
64
Convert 100101011001111 (base 2) to base 4.
10223033
46441 (base 7) to base 14
4491
Convert -1243 (base 12) to base 11.
-160a
What is -1636 (base 13) in base 12?
-1a74
What is -100001110001 (base 2) in base 16?
-871
What is 1ad1 (base 16) in base 12?
3b81
Convert 3224 (base 5) to base 14.
235
4b1 (base 14) to base 12
663
Convert 12513 (base 8) to base 15.
1936
What is -3435 (base 8) in base 16?
-71d
What is -6035 (base 7) in base 15?
-93e
-27186 (base 10) to base 3
-1101021220
What is 29415 (base 11) in base 13?
16015
What is -64482 (base 9) in base 3?
-2011112202
10341 (base 6) to base 2
10110010101
What is 2505 (base 13) in base 9?
7166
What is 7b57 (base 13) in base 14?
6446
What is 12021 (base 3) in base 16?
8e
What is 6353 (base 10) in base 13?
2b79
Convert 63240 (base 10) to base 11.
43571
What is -1010010111010011 (base 2) in base 16?
-a5d3
132244 (base 7) to base 15
7551
What is 1110001010011 (base 2) in base 5?
213001
-1187 (base 12) to base 14
-a11
What is -273 (base 8) in base 7?
-355
Convert -11375 (base 8) to base 10.
-4861
-1132124 (base 5) to base 13
-969a
What is -2220 (base 5) in base 6?
-1234
What is 6a0 (base 11) in base 16?
344
Convert 1d9 (base 15) to base 14.
229
What is 1302 (base 9) in base 13?
59c
32113312 (base 4) to base 15
1269a
What is 201010111 (base 3) in base 16?
3679
-23 (base 13) to base 2
-11101
-122012 (base 4) to base 6
-11422
-46a8 (base 11) to base 16
-1818
531 (base 9) to base 10
433
What is -2243 (base 6) in base 14?
-29d
7253 (base 15) to base 10
24153
What is -1121102100 (base 3) in base 8?
-75645
-131030 (base 4) to base 9
-2505
-110 (base 7) to base 13
-44
What is 24003 (base 5) in base 2?
11011011001
Convert -2166 (base 12) to base 15.
-1153
What is 119 (base 16) in base 7?
551
-d46 (base 15) to base 13
-1491
What is -26487 (base 11) in base 6?
-451115
303 (base 9) to base 4
3312
-11300313 (base 4) to base 12
-117b3
Convert 10340 (base 6) to base 11.
1089
What is 4897 (base 15) in base 5?
443232
What is 3a3 (base 13) in base 4?
22000
205141 (base 7) to base 12
185a7
Convert 6e7 (base 16) to base 10.
1767
What is 1101001110100 (base 2) in base 11?
50a7
-1635 (base 7) to base 12
-473
-16c1 (base 13) to base 6
-23332
What is -2201202 (base 3) in base 16?
-7c7
74166 (base 8) to base 13
11062
-40bc (base 14) to base 2
-10101110000110
Convert 5731 (base 9) to base 3.
12211001
Convert -10100010011 (base 2) to base 11.
-a81
Convert -3c4 (base 14) to base 11.
-631
What is 1250 (base 10) in base 13?
752
Convert -8d9 (base 15) to base 7.
-5562
What is 1123322 (base 5) in base 9?
31055
411 (base 5) to base 11
97
What is -160b3 (base 13) in base 10?
-41889
213114 (base 7) to base 3
1212220020
What is 72103 (base 9) in base 4?
23211231
1140200 (base 5) to base 13
9906
2ca (base 14) to base 2
1000111010
What is -24789 (base 10) in base 7?
-132162
What is -2a7 (base 12) in base 3?
-120101
Convert -106 (base 11) to base 12.
-a7
What is 101001000000111 (base 2) in base 5?
1132444
Convert 3703 (base 15) to base 14.
439d
-4043 (base 11) to base 3
-21100221
121 (base 5) to base 8
44
19838 (base 10) to base 6
231502
What is 95d (base 14) in base 11?
142a
Convert -130110 (base 8) to base 10.
-45128
128 (base 10) to base 12
a8
891 (base 10) to base 5
12031
What is 1102010 (base 3) in base 2?
10000000101
-31755 (base 9) to base 3
-1001211212
-5d9 (base 15) to base 12
-929
-112231 (base 5) to base 6
-30454
Convert -7b2 (base 15) to base 7.
-5036
What is -56bd (base 14) in base 6?
-153423
Convert -1010000121 (base 3) to base 7.
-120544
-29d (base 14) to base 10
-531
What is 1000001000 (base 2) in base 13?
310
Convert -390 (base 12) to base 14.
-2a8
-1258 (base 12) to base 5
-31314
What is -101 (base 4) in base 16?
-11
-116 (base 16) 